6811?
17, 401, 3083
List the prime factors of 92307273.
3, 30769091
List the prime factors of 28644360.
2, 3, 5, 238703
List the prime factors of 947970222.
2, 3, 1451, 108887
List the prime factors of 672934958.
2, 53, 137, 149, 311
List the prime factors of 2213437145.
5, 17, 53, 491329
What are the prime factors of 30138757?
11, 37, 74051
What are the prime factors of 13674774?
2, 3, 43, 53003
List the prime factors of 1473525091.
263, 379, 14783
What are the prime factors of 496212331?
2857, 173683
What are the prime factors of 1800658149?
3, 20507, 29269
What are the prime factors of 183749108?
2, 67, 685631
List the prime factors of 71758916.
2, 43, 417203
What are the prime factors of 835176240?
2, 3, 5, 1159967
List the prime factors of 983741209.
11, 89431019
What are the prime factors of 860245048?
2, 13, 8271587
List the prime factors of 2245329777.
3, 347, 2156897
What are the prime factors of 1461578036?
2, 365394509
List the prime factors of 156850991.
11, 14259181
List the prime factors of 732359571.
3, 244119857
List the prime factors of 102062777.
241, 423497
List the prime factors of 548855793.
3, 19, 3209683
What are the prime factors of 404106172?
2, 79, 1278817
List the prime factors of 1436863144.
2, 19, 31, 304937
What are the prime factors of 44747907?
3, 19, 43, 18257
List the prime factors of 1792289353.
79, 347, 65381
What are the prime factors of 10855141?
11, 239, 4129
List the prime factors of 762769372.
2, 101, 1888043
List the prime factors of 1769006373.
3, 589668791
List the prime factors of 3843392.
2, 7, 23, 373
What are the prime factors of 255780813?
3, 43, 1982797
What are the prime factors of 91720338?
2, 3, 17, 59, 15241
What are the prime factors of 21040549?
21040549
List the prime factors of 566879391.
3, 13, 139, 1291
What are the prime factors of 4519861213?
7, 17, 37982027
What are the prime factors of 3395641811?
37, 71, 1292593
List the prime factors of 346753790.
2, 5, 89, 167, 2333
List the prime factors of 895686026.
2, 447843013
What are the prime factors of 617038950?
2, 3, 5, 11, 373963
What are the prime factors of 17686677?
3, 5895559
List the prime factors of 28922575.
5, 11, 105173
List the prime factors of 78216656.
2, 7, 43, 109, 149
List the prime factors of 2664423765.
3, 5, 59209417
What are the prime factors of 8085793948?
2, 4019, 502973
What are the prime factors of 164236298?
2, 271, 303019
List the prime factors of 28538442.
2, 3, 1585469
List the prime factors of 41966721.
3, 997, 1559
List the prime factors of 112672010.
2, 5, 11, 139, 7369
What are the prime factors of 50154992?
2, 241, 13007
What are the prime factors of 306279625?
5, 373, 6569
What are the prime factors of 2220266222?
2, 23, 6421, 7517
What are the prime factors of 418846432?
2, 241, 54311
What are the prime factors of 38457383?
17, 53, 42683
What are the prime factors of 44409608?
2, 31, 331, 541
What are the prime factors of 6304052919?
3, 2101350973
What are the prime factors of 257115380?
2, 5, 47, 273527
What are the prime factors of 1769325699?
3, 29, 20337077
What are the prime factors of 561209543?
107, 149, 35201
List the prime factors of 126626548.
2, 1429, 22153
What are the prime factors of 50423308?
2, 13, 969679
List the prime factors of 4257917719.
11, 387083429
List the prime factors of 49192903.
29, 43, 103, 383
List the prime factors of 322941281.
13, 277, 89681
What are the prime factors of 30229452?
2, 3, 11, 23, 3319
What are the prime factors of 625805881?
1997, 313373
What are the prime factors of 3194924624?
2, 199682789
What are the prime factors of 1659518838?
2, 3, 2521, 36571
What are the prime factors of 1086737283?
3, 1013, 39733
What are the prime factors of 3352134905?
5, 7, 95775283
List the prime factors of 1476434030.
2, 5, 47, 349, 9001
List the prime factors of 92536714.
2, 71, 651667
What are the prime factors of 3243865320?
2, 3, 5, 61, 5471
List the prime factors of 159307439.
3221, 49459
List the prime factors of 863895258.
2, 3, 1091, 43991
List the prime factors of 258299314.
2, 7, 13, 271, 5237
List the prime factors of 594590062.
2, 11, 17, 1589813
List the prime factors of 1651771597.
7, 235967371
What are the prime factors of 44197005?
3, 5, 2946467
List the prime factors of 257394858.
2, 3, 7, 17, 360497
List the prime factors of 76304716.
2, 263, 72533
List the prime factors of 11530187.
71, 251, 647
List the prime factors of 259429442.
2, 193, 672097
What are the prime factors of 1081275494?
2, 13, 23, 37, 48869
What are the prime factors of 5101480721?
47, 293, 370451
What are the prime factors of 1848341761?
7, 264048823
What are the prime factors of 1247274052?
2, 3467, 89939
List the prime factors of 545688322.
2, 19, 39779
List the prime factors of 11711564.
2, 2927891
List the prime factors of 469978361.
1871, 251191
What are the prime factors of 182303039?
127, 1435457
List the prime factors of 27420534.
2, 3, 19, 80177
What are the prime factors of 3359816162?
2, 331, 5075251
What are the prime factors of 1063812609?
3, 41, 320329
List the prime factors of 80232124.
2, 7, 2865433
What are the prime factors of 465603088?
2, 29100193
What are the prime factors of 4260955658?
2, 257, 349, 23753
What are the prime factors of 277167988?
2, 137, 505781
What are the prime factors of 1846738349?
1846738349
List the prime factors of 20236750.
2, 5, 61, 1327
What are the prime factors of 15357683?
11, 126923
What are the prime factors of 246480305?
5, 23, 709, 3023
List the prime factors of 62866230.
2, 3, 5, 7, 299363
List the prime factors of 448490053.
11, 2137, 19079
List the prime factors of 392893965.
3, 5, 8730977
List the prime factors of 316969050.
2, 3, 5, 89, 23743
What are the prime factors of 551561685?
3, 5, 17, 47, 46021
List the prime factors of 78344713.
78344713
What are the prime factors of 207265554?
2, 3, 1279417
List the prime factors of 13635242.
2, 79, 211, 409
What are the prime factors of 788958501?
3, 262986167
What are the prime factors of 2769257329?
2769257329
List the prime factors of 51681957.
3, 19, 906701
What are the prime factors of 55797794?
2, 13, 19, 112951
List the prime factors of 9046810.
2, 5, 904681
What are the prime factors of 4533420901?
4533420901
What are the prime factors of 33208150?
2, 5, 59, 11257
What are the prime factors of 1060038338?
2, 530019169
What are the prime factors of 2415722975?
5, 96628919
List the prime factors of 25294616.
2, 463, 6829
List the prime factors of 66546697.
7, 641, 14831
What are the prime factors of 106472129?
23, 499, 9277
List the prime factors of 228684855.
3, 5, 7, 19, 79, 1451
What are the prime factors of 1047417928?
2, 130927241
What are the prime factors of 26795788?
2, 131, 51137
What are the prime factors of 955911296?
2, 113, 66089
What are the prime factors of 151139694?
2, 3, 31, 41, 19819
List the prime factors of 3604512836.
2, 263, 3426343
What are the prime factors of 39676914?
2, 3, 2204273
List the prime factors of 40757915.
5, 11, 741053
What are the prime factors of 262288852?
2, 7, 17, 551027
List the prime factors of 74845733.
74845733
List the prime factors of 166012523.
166012523
What are the prime factors of 35452471?
29, 1222499
List the prime factors of 81937745.
5, 16387549
What are the prime factors of 1033620930?
2, 3, 5, 11484677
List the prime factors of 348796595.
5, 7, 37, 269341
List the prime factors of 1628594073.
3, 60318299
What are the prime factors of 1544813719?
47, 32868377
List the prime factors of 4151716084.
2, 379, 2738599
List the prime factors of 774297160.
2, 5, 7, 13, 16363
List the prime factors of 20662972.
2, 11, 469613
List the prime factors of 888278548.
2, 222069637
What are the prime factors of 148234101?
3, 17, 379, 7669
What are the prime factors of 284583796?
2, 7, 229, 44383
List the prime factors of 3324002278.
2, 173, 9606943
What are the prime factors of 966588570?
2, 3, 5, 23, 466951
What are the prime factors of 2265640671?
3, 7, 199, 542149
What are the prime factors of 7748860?
2, 5, 7, 7907
List the prime factors of 141455894.
2, 67, 151, 6991
List the prime factors of 62354541.
3, 23, 499, 1811
List the prime factors of 434090187.
3, 48232243
List the prime factors of 990875358.
2, 3, 11, 239, 2093